
Suppose -2*a + 3*a - 76 = 4*p, -5*p + 255 = 5*a. What is the remainder when 726 is divided by a?
54
Let d be 836/143 + (-4)/(-26). Let y(m) = m + 9. What is the remainder when 44 is divided by y(d)?
14
Let y(j) be the first derivative of -14 + 4*j + 4 - 5*j**2 + 7*j**2. Calculate the remainder when y(6) is divided by 10.
8
Suppose 0 = 7*n - 2*n - 75. Let z(w) = -w**3 + 7*w + 8. Let t be (-116)/30 + 2/(-15). What is the remainder when z(t) is divided by n?
14
Let c(r) = -r**2 - 23*r - 74. Calculate the remainder when c(-16) is divided by (-1)/(-4) - (-62)/8.
6
Suppose -3*q = 5*n - 252, n = 3*n - 5*q - 107. Suppose 10*x - 182 = 98. Let m = 54 - x. Calculate the remainder when n is divided by m.
25
Calculate the remainder when 529 is divided by ((-19)/(-3))/(8/6)*4.
16
Let k(y) = -11*y + 568. What is the remainder when k(18) is divided by 126?
118
Let p(d) = -d**3 - 3*d**2 + 9*d + 44. Calculate the remainder when p(-6) is divided by 11.
10
Suppose 5*p - 5 = 0, 0*p + 2*p = -5*j + 67. Suppose a + 1 = j. Suppose -1 - 15 = -4*d. What is the remainder when a is divided by d?
0
Let v(z) = -6*z**3 - 2*z**2 + 2*z - 1. Let t be v(1). Suppose -128*i + 500 = -108*i. Let a = t + i. Calculate the remainder when 51 is divided by a.
15
Let w be (-3)/(162/12) - 58/(-18). Suppose 3*u - 14 = -0*u + i, 0 = w*i - 3. Calculate the remainder when 8 is divided by u.
3
Let z be (0 - -1)*0/12. Suppose 25*b - 21*b - 180 = z. What is the remainder when b is divided by 24?
21
Let y be (-2)/((-6)/8*(-80)/(-90)). Suppose 0 = y*a + 4*d - 175, -41 = 4*a + 2*d - 271. Let u = 16 + 4. Calculate the remainder when a is divided by u.
17
Let u(l) = 2*l**2 + 11*l + 4. Let k(d) = -3*d + 8. Let r be k(6). Calculate the remainder when u(r) is divided by 48.
46
Suppose -3*z + 5*b - 2 = b, 2*z + 5*b - 37 = 0. Suppose z*s - 274 = 4*s. Let m = s - 59. Calculate the remainder when m is divided by 20.
18
Let r(c) = 54*c**3 + c**2 - c + 1. Let m be r(2). What is the remainder when (-5 - m/(-10))*4 is divided by 39?
37
Let n = 872 - 832. What is the remainder when n is divided by 5?
0
Suppose 5*d - 292 = -4*v, 4*d = 2*v - 0*v + 218. Suppose 2*s = 4*s - d. Calculate the remainder when s is divided by 10.
8
Let s = -71 + 19. Let y = s - -60. Calculate the remainder when 16 is divided by y.
0
Calculate the remainder when 64 is divided by 34/(-4)*(-18)/(-9)*-1.
13
Let f = -68 + 74. Suppose -2*p = -14 - f. What is the remainder when 49 is divided by p?
9
Suppose -465 = -3*w - 2*w. Let q(u) = u**2 + 26*u - 1. Let j(i) = 2*i**2 + 51*i. Let y(g) = -2*j(g) + 5*q(g). What is the remainder when w is divided by y(-29)?
21
Let o = 143 + -79. Calculate the remainder when o is divided by 7.
1
Suppose 0*d = -d + 5. Suppose 273 = d*r + 78. Calculate the remainder when 153 is divided by r.
36
Let d be ((-4)/(-12))/(2/(-6)) + -2. Suppose s = -s + 12. Let o = d + s. What is the remainder when o is divided by 1?
0
Let u(x) = 7*x - 15. Let j = 27 - 9. Suppose 4*a - a = j. What is the remainder when u(a) is divided by 16?
11
Suppose -5*q + 5*w + 145 = 0, -19*q - 5*w = -15*q - 71. What is the remainder when 30 is divided by q?
6
Let g(v) = -v**2 + 9*v - 3. Let j be g(8). Let h = j + -3. Let d = 130 + -125. What is the remainder when d is divided by h?
1
Let s = -121 + 111. Calculate the remainder when (-15)/s + (-54)/(-4) is divided by (-123)/(-15) + (-1)/5.
7
Let w(m) = -m - 5. Let j(d) = 1. Let i(l) = -11*j(l) - 2*w(l). What is the remainder when 3 - (8/36 + 4/(-18)) is divided by i(1)?
0
Suppose 11*l - 10*l = 6. Calculate the remainder when 279/l + 12/(-8) is divided by 12.
9
Let i = 10 - -34. Suppose -9*p + i + 100 = 0. Calculate the remainder when 62 is divided by p.
14
Let x(o) = -o**2 + 12*o - 10. Let t be x(7). Let l = -12 + t. What is the remainder when 25 is divided by l?
12
Suppose 19 - 73 = 9*b. Let q(c) = c**2 + 4*c + 10. Calculate the remainder when 63 is divided by q(b).
19
Suppose -a = -0*a + 8. Let h(v) = -4*v - 1. Let d = -5 - -13. Calculate the remainder when h(a) is divided by d.
7
Let o = 656 + 253. Suppose 9*l + o = 18*l. What is the remainder when l is divided by 26?
23
Suppose -2*c - 8 = 0, -9*m - 3*c = -10*m + 62. Suppose -5*r + 15 = -m. Calculate the remainder when 50 is divided by r.
11
Suppose -2*w + 12*y = 7*y - 383, -3*w = -y - 607. What is the remainder when w is divided by 72?
60
Suppose -66*i + 49 = -59*i. What is the remainder when 48 is divided by i?
6
Let f(m) = -11*m - 165. Calculate the remainder when 27 is divided by f(-16).
5
Suppose -12 = -2*u + 6*u, 0 = -4*d + 3*u + 1521. What is the remainder when d is divided by 30?
18
Suppose 115*f - 100*f = 4740. What is the remainder when f is divided by 98?
22
Let h = 30 - 14. Let n = h - 12. Calculate the remainder when 28 - 4/n*-1 is divided by 8.
5
Let k = -146 - -172. Suppose -7*d + 30 = -2*d. Suppose d*i = 3*i + 21. What is the remainder when k is divided by i?
5
Suppose -2*h = -n + 3*h - 20, 0 = 5*n + 2*h - 8. Suppose -32 = -m - m. Calculate the remainder when n + 48 + -2 - (-3 + 6) is divided by m.
11
Let g = 62 - -178. Suppose -3*c + 4*y = y - 144, 5*c - 3*y - g = 0. What is the remainder when c is divided by 13?
9
Suppose -5*p - 4*h - 203 + 733 = 0, 2*p + 4*h = 224. Calculate the remainder when p is divided by 35.
32
Let b be (191*-3)/(2/10). What is the remainder when (-4)/40*-4 - b/25 is divided by 59?
56
Let y be (-8)/(-10) - 2002/(-35). Suppose -5*k - 21 = -2*p + 8, 5*p + 2*k = y. Calculate the remainder when 37 + -1 + 1/(-1) is divided by p.
11
Let v = 179 + -148. What is the remainder when v is divided by 13?
5
Let j = 404 - 340. Calculate the remainder when j is divided by 23.
18
Suppose 8*d = 10*d + c - 189, -3*d + 266 = -2*c. Let m = -6 + 25. Calculate the remainder when d is divided by m.
16
Suppose 0 = -93*c + 95*c - 66. What is the remainder when c is divided by 9?
6
Suppose 371*l = 366*l + 165. What is the remainder when l is divided by 9?
6
Let o = 44 - -5. Let p(s) = 6*s**3 - 4*s**2 + 9*s - 9. Calculate the remainder when p(3) is divided by o.
46
Suppose -50 = -h + 14. Let u be h - 8/(0 + -4). Suppose 8 = 4*g - 4, 0 = -3*b - 4*g + u. What is the remainder when 87 is divided by b?
15
Let r(g) = 18*g + 41. Let y be r(-6). Let l = 152 + y. Calculate the remainder when l is divided by 44.
41
Suppose r - 53 = -5*n + 6*n, 3*r + 2*n - 134 = 0. What is the remainder when 164 is divided by r?
20
Let v(w) = -w**2 - 11*w - 7. Let b(k) = k**3 - 24*k**2 + 26*k - 1. What is the remainder when b(23) is divided by v(-6)?
22
Let i(l) = -l**2 + 12*l + 30. What is the remainder when i(7) is divided by 50?
15
Let l(z) = z**2 - 4*z + 4. Let p = -543 + 575. What is the remainder when p is divided by l(5)?
5
Let x(d) = -d**2 + 124. What is the remainder when 340 is divided by x(9)?
39
Let c be 11 - (4 + 0)/(-1). Suppose c*u - 564 = 9*u. Calculate the remainder when u is divided by 16.
14
Suppose 112*w + 1474 = 123*w. What is the remainder when w is divided by 5?
4
Let y = -9 - -11. Suppose -2*u + 34 = 3*f + y*f, u - 3*f + 5 = 0. Calculate the remainder when 31 is divided by u.
3
Let q(v) = 24*v + 1 - 5*v + 5*v**2 - 3*v**2. What is the remainder when q(-10) is divided by 2?
1
Suppose -3*u = -2*u + 15. Let r be (3/2)/(u/500). Let q = r - -127. What is the remainder when q is divided by 20?
17
Let i(b) = -10*b - 515. Calculate the remainder when 163 is divided by i(-59).
13
Suppose -251 = -7*k - 230. Calculate the remainder when 68 is divided by k.
2
Suppose 2*q = 5*m + 829, 2*q + 84 = 2*m + 898. What is the remainder when q is divided by 101?
99
Let k(p) = 5*p**2 - 2*p. Let w be k(1). Suppose -w*r + r = 0. Suppose r = 5*s - s - 116. Calculate the remainder when 56 is divided by s.
27
Suppose -4*y - 3 = 5*f, 0 = y - 2*f + 6*f + 9. Suppose y*r = -4*c + 258, c + 5*r - 17 = 39. Let u = -47 + c. What is the remainder when 35 is divided by u?
16
Let m(r) = 2*r**2 - 2*r - 6. What is the remainder when 48 is divided by m(-3)?
12
Let f = 3030 + -2802. What is the remainder when f is divided by 120?
108
Let w(p) = -p + 13. Let a be w(12). Let d be (-171)/(-36) + a/4. What is the remainder when 58 is divided by 135/d - -3*1?
28
Let g(v) = v**2 + 3*v - 10. Calculate the remainder when 519 is divided by g(6).
35
Suppose 0 = -8*r + 4*r. Suppose r 